ppose -2*f + f + 3*v - 7 = 0, 5*f + 11 = 3*v. Let h be f/4*-4 + -1. What is the units digit of h + 1246/12 + 8/48?
4
Suppose -4576 = -5*k + 17524. Let l be (k/10)/(2 - 1). Suppose 8*p - l = 230. What is the units digit of p?
4
Suppose -1 - 29 = -2*n. Suppose -7*s - 3*k = -10*s + 9, 0 = -5*s + k + n. Suppose -2*o = -s*j - 390, j - 808 + 14 = -4*o. What is the tens digit of o?
9
Let a = -68 + 95. Suppose a*y - 28*y = -1. What is the tens digit of 560/10 + y + -3?
5
What is the tens digit of 9579 + (25/40 - (-48)/128)?
8
Let g(i) = -15*i**3 + 346*i**2 - 21*i - 35. What is the units digit of g(23)?
1
Let z(c) = 828*c + 6. Let v = 17 - 16. Let y be z(v). What is the tens digit of (y/18)/((-4)/(-12))?
3
Let p be -2 + 37 + -2 - -4. Let c = p + -34. Suppose 0 = c*f - 0 - 9. What is the units digit of f?
3
Let u = 3546 + -1914. Let z = 1 + 12. Suppose -u = -z*v + 1579. What is the tens digit of v?
4
Let s(f) = -f**2 - 11*f - 26. Suppose 4*o + 42 = -5*h, 9*o - 4*o - 2*h + 36 = 0. Let p be s(o). What is the units digit of 18/(-9)*83/p?
3
Let x(a) be the third derivative of a**6/120 - 4*a**5/15 - 31*a**4/24 + 5*a**3/2 - 65*a**2. What is the tens digit of x(18)?
0
Let s(q) = 18*q + 82. Let w be s(-4). Suppose 2*v + 0*v - w = 0, 4*v + 1261 = 3*l. What is the tens digit of l?
2
Let f = 6097 - 4005. Suppose -2*y = -i - 1058, -4*y - i + f = 3*i. What is the units digit of y?
7
Let c = -291 + 506. Let a be (c - 5) + 1 + -3 - 3. What is the units digit of (4/2)/(2/a)?
5
Let f(m) = -903*m + 79. Let l be f(-7). What is the units digit of (-1)/((-28)/12) - l/(-28)?
9
Let v(w) = 6196*w**2 - 85*w + 4. What is the units digit of v(3)?
3
What is the ten thousands digit of -291*3281/(-51) - 9/1?
1
Suppose -r = 4*s - 22, 3*r + 0*r - 3*s = -9. Suppose -5*w + 647 = r. What is the hundreds digit of w?
1
Suppose -3*n + 15 - 9 = 0. What is the units digit of (3 - -108 - 2) + n?
1
Suppose -15*n + 20*n = -5. What is the tens digit of 1708/5 - n*(-16)/(-40)?
4
Let n(w) = 19*w + 267. Let v be n(-29). What is the hundreds digit of (-195321)/v + (-2)/(-8)?
6
Let v be (-4 - -179 - (1 + -1)) + -1. Suppose 12 = -3*m, -m + v = 2*b - 5*m. Let g = -4 + b. What is the units digit of g?
5
Let y be (-15465)/(-21) - (-8)/14. Suppose 5*s + 727 = 3*p, -5*s = 3*p - 0*s - y. What is the units digit of p?
4
Let w = 120999 + -83668. What is the thousands digit of w?
7
Suppose 2*w + 6 = -4*p - 0, 5*p = -3*w - 5. Suppose -w = 2*v + 3. Let z = 32 + v. What is the units digit of z?
8
Let g(f) = 260*f - 2899. What is the tens digit of g(73)?
8
Let b be (-1 - 4)/(2 + -2 + -1). Suppose 5*k = -b*a, -3*k = 5*a - 2*k + 12. What is the hundreds digit of a/(661/166 + -4)?
1
Let u = -220 - -221. What is the units digit of 107*(6 + -2)*u?
8
Let b(w) = 16*w**2 - 7*w + 7. Let t be b(1). Suppose -9*r + t*r = 665. Let x = r - 75. What is the units digit of x?
0
Suppose -5*l + 2*l = -3*w - 13893, 0 = -l - w + 4615. What is the units digit of l?
3
Let a(d) = 220*d - 7824. What is the thousands digit of a(49)?
2
Let p be -2 - 458/(-12) - (-2)/(-12). Let b = 49 - p. Let x = 67 - b. What is the tens digit of x?
5
Let g be (0 + -1)*(0 - 3340/4). What is the hundreds digit of g + 2/(-3)*9/2?
8
Let l(f) = 2*f**2 - 11*f - 20. Let a be l(-6). Suppose -1973 + a = -7*j. What is the units digit of j?
5
Let q(z) = 141*z**2 + 43*z + 307. What is the hundreds digit of q(-7)?
9
Let u(r) be the first derivative of r**4/4 + 14*r**3/3 + 6*r**2 - 10*r - 2. Suppose 17*q - 13*q + 52 = 0. What is the units digit of u(q)?
3
Let y = -266 - -19708. What is the tens digit of y?
4
Let c = 15675 + -6014. What is the tens digit of c?
6
Let l = 2804 - -1154. What is the units digit of l?
8
Let a(o) = -o**3 - 11*o**2 - 18*o - 11. Let k be a(-9). What is the units digit of 2 + -9 - 2354/k?
7
Suppose 201*d = -6*d + 6*d + 4265622. What is the units digit of d?
2
Let k be ((-36)/(-15))/(6/(-3600)). What is the hundreds digit of (1 - k)/11 - 3/(-1)?
1
Suppose -5*a + 74143 = 2*f, -3*f = 4*a - 37291 - 22022. What is the thousands digit of a?
4
Let p(r) = -1326*r - 524. What is the units digit of p(-6)?
2
Let g(r) be the third derivative of r**7/1680 - 23*r**6/360 + r**5/12 + 10*r**2. Let x(q) be the third derivative of g(q). What is the units digit of x(20)?
4
Suppose 517263 + 391540 = 26*t + 156467. What is the units digit of t?
6
Suppose -5*d + 8*d - 6 = 0, -10 = -4*p + d. Suppose p*l - 870 - 75 = 0. What is the tens digit of l?
1
Let g = -10285 - -18817. What is the units digit of g?
2
Let m = -164 + 199. What is the thousands digit of (m/20 - 1) + (-16330)/(-8)?
2
Let n = 161 - 172. Let u(g) = -31*g + 26. What is the tens digit of u(n)?
6
Let x(i) = -i**2 + 16*i - 12. Let a be x(15). Suppose 3*f + 574 = -4*u - 171, -f = a. Let m = 48 - u. What is the tens digit of m?
3
Let c(l) = 1334*l + 1244. What is the hundreds digit of c(4)?
5
Suppose -4*a = 2*m - 54498, -100*a + 97*a = 4*m - 40886. What is the ten thousands digit of a?
1
Let z(c) = 44 - 70*c + 22 + 12 - 23. What is the tens digit of z(-10)?
5
Suppose -3*k - 2*o = -0*k - 8, 2*k + o = 5. Let b(c) = 90*c**3 - 2*c - 4*c**k - c - 4*c - 1 - 88*c**3. What is the tens digit of b(4)?
3
What is the units digit of (-37 - -44)/((-3626)/1814 + 2)?
9
Suppose -3*l + 24480 = 3*s, -s - 29389 = -3*l - 4917. What is the tens digit of l?
5
Let y(h) = h**2 - 2*h + 156. Let q = -137 - -149. Suppose -j = 4, -b - 4*b = -3*j - q. What is the hundreds digit of y(b)?
1
Let x(g) = g - 98. Let f be x(4). What is the tens digit of (4 + -6)*3 - f?
8
What is the units digit of (94/188)/(1/10082)?
1
Let g = 506 + -335. Suppose -6*i + g = -5*i. Suppose 3*h - t - i = 0, 8 - 17 = 3*t. What is the tens digit of h?
5
Let b(c) = 74*c**2 - 9*c + 17. Let p(r) = -25*r**2 + 3*r - 6. Let i(k) = 4*b(k) + 11*p(k). What is the hundreds digit of i(-4)?
3
Let t(d) = -d**3 - 16*d**2 + 30*d - 25. Let l = 122 + -140. What is the tens digit of t(l)?
8
Let h(r) be the first derivative of -r**3/3 + 21*r**2/2 - 12*r + 1. Suppose 95 = 5*y + 5*z, -27*y - z = -30*y + 53. What is the units digit of h(y)?
2
Let l(w) = 25525*w**2 - 48*w + 3. What is the hundreds digit of l(1)?
4
What is the tens digit of (-2)/6 + ((-1734636)/(-54))/(4/6)?
8
Let s be 14/6 + (-6)/126*7. Suppose -4*q = -7*m + s*m - 100, 2*q - 4*m - 44 = 0. What is the units digit of q?
0
Let o be -1 + (42801/7 - 56/(-98)). What is the hundreds digit of 3/(63/o) - 6/42?
2
Suppose 5*n = -5*j + 765, 2*n + 109 + 375 = 3*j. Suppose -4*m - 48 = 5*u, -m = -u - 3*m - 12. Let d = u + j. What is the hundreds digit of d?
1
Suppose 2*f + 3*c + 71 = -117, -2*f - 156 = -5*c. Suppose 4*l = -q - 762, 89 = 2*l + 2*q + 467. Let a = f - l. What is the units digit of a?
3
Let m(s) = -5*s**3 - 12*s**2 - 154*s + 48. What is the tens digit of m(-15)?
3
Suppose 0 = -3*a - 4*x + 2 + 23, -5*a + 3*x + 3 = 0. Suppose -a*n = -5*q - 406 - 222, 0 = 2*n + 5*q - 402. What is the units digit of n?
6
Suppose -96*o + 62*o = -864212. What is the tens digit of o?
1
Let c(s) = 45*s**2 + 71*s - 1390. What is the thousands digit of c(34)?
3
Let r(l) = -152*l - 80. Let h be r(-47). Suppose -9*c + h + 4150 = 0. What is the thousands digit of c?
1
Let d = -467482 + 209370. What is the units digit of 2/(-8) + d/(-256)?
8
Let k(j) = -13*j - 201. Let y be k(-13). Let s(z) = z**2 + 14*z - 71. What is the units digit of s(y)?
5
Suppose 8*g - 5 = 35. Suppose 46 - 41 = -g*r. What is the tens digit of r/2 + -3 + (-450)/(-4)?
0
Suppose 6*l + 4 = 82. Suppose -4*p + l*p = 837. What is the tens digit of p?
9
Let a(u) be the third derivative of 0 - 1/120*u**6 + 24*u**3 + 0*u - 10*u**2 + 0*u**4 - 1/60*u**5. What is the hundreds digit of a(0)?
1
Suppose 2*o - 994 = -5522. Let y = -1566 - o. What is the units digit of y?
8
Let l(i) = 4*i - 27. Let b be l(8). Suppose 3*r + 256 = -b*w, 5*w - 3*r - 2*r = -240. Let n = 23 - w. What is the tens digit of n?
7
Let p(q) = q**2 + 56*q + 271. Let o be p(-51). What is the units digit of (0 - (-1544)/o)*4/2?
3
Let c be -2 - 3*(-474)/(-9). Let l = c - -295. What is the units digit of l?
5
Suppose 0 = 2*d - 6*d - 3*x + 15, -5*x = -5*d + 10. Suppose -2*z - 5*b + 1193 = 0, -d*b - 583 = -z - b. What is the hundreds digit of z?
5
Let j(k) = 6*k**2 + 64*k + 31. Let t(m) = 3*m**2 + 32*m + 14. Let l(v) = -4*j(v) + 9